-45)). Suppose v*c = -4*t + c + 313, -3*t + x = -4*c. Calculate the highest common divisor of t and 7.
7
Let l(g) = -g**2 + 18*g - 16. Let w be l(16). Suppose -2*s - 5*z = -150 + 7, 2*s + 2*z - 134 = 0. Calculate the highest common factor of s and w.
16
Suppose -7 - 5 = -2*h. Suppose 2*t - h = -2. Suppose 0 = -2*s - 3*g + 24, 0 = 5*s + t*g + 2*g - 46. What is the greatest common divisor of s and 2?
2
Let b = 125 + -8. Suppose 0*u + 2*u - 3*k - b = 0, u = 5*k + 69. Calculate the highest common factor of 135 and u.
27
Let i = 21 + -9. What is the greatest common factor of i and 48?
12
Suppose 84 = j + 3*j. Let w(v) = v**3 + 5*v**2 + 3*v + 1. Let t be w(-2). What is the highest common divisor of t and j?
7
Let c = 39 + -31. What is the greatest common factor of 104 and c?
8
Suppose 5*n + 2*s = 71, -4*n - 3*s + 24 = -2*n. Let d be (-2 - 1)*(-10)/40*140. Calculate the greatest common factor of n and d.
15
Let i(f) = 3*f**2 + 6*f + 3. Let r be i(-2). Let a be 1*(2 - 2)/(-3). Suppose 18 = -a*q + 2*q. Calculate the greatest common divisor of q and r.
3
Let t be 2/(-8) - 210/(-8). Let c be 6/(-9) + (-34)/(-6). Suppose 5*g - c = -2*v + 36, v - 19 = -2*g. What is the highest common factor of t and v?
13
Suppose j = 69 + 7. Let k = j + -21. Calculate the highest common divisor of k and 22.
11
Let y(m) = m**3 + 5*m**2 - 1. Let v be y(-2). Let r = 69 + v. Suppose d - 10 = -0*d. Calculate the greatest common factor of d and r.
10
Let q = -2 - -7. Suppose 2*x + 0 + 10 = 0, h - 26 = q*x. Let m(z) = -z**2 - 9*z - 9. Let y be m(-7). Calculate the highest common factor of h and y.
1
Let f(k) = 17*k**3 - k**2 - k + 1. Let a be f(1). Let w = a + 10. Let v be 1 + 10 + (0 - -2). Calculate the highest common divisor of w and v.
13
Let y be ((-18)/(-10))/(3/20). Calculate the highest common factor of 108 and y.
12
Let h = 338 + -200. Let p = 257 - h. What is the greatest common divisor of p and 17?
17
Let z(c) = 2*c**2 - 5*c - 6. Let a be z(6). What is the highest common divisor of 9 and a?
9
Suppose 10*i = -i + 187. What is the highest common factor of 85 and i?
17
Suppose -2*z = 6, 0 = 4*k - 5*z + 4 + 13. Let g be (-1)/3*(k + -1). Suppose g*p = -2*p + 165. Calculate the greatest common divisor of 22 and p.
11
Let k be (6/6)/(2/8). Let q be (-5 + k)/((-2)/4). Suppose 82 = 2*j + q. What is the greatest common divisor of j and 10?
10
Suppose -8 = 2*r, -3*c = -r - 0*r - 7. Let a be (-2 - c) + 65 + -2. Let h = -23 + 35. Calculate the highest common factor of h and a.
12
Suppose -n + 4 = -0. Suppose -5*o + 12 = 2. Let x be 12 - (n - 2) - o. What is the highest common divisor of 12 and x?
4
Suppose 173 = 4*a + c, -4*c = 4*a + c - 193. Suppose -4*g = -l - 22 + 70, 2*g + 122 = 4*l. Calculate the highest common factor of l and a.
14
Let n = 781 - 779. Let h(f) = 2*f**2 + 3*f - 1. Let d be h(4). Suppose 5*m - a - 35 - 36 = 0, 3*m - d = a. What is the greatest common divisor of m and n?
2
Let i be (25 + -1)/((-2)/(-4)). Suppose -5*w + 265 = -2*z, -2*z + 9 = w - 32. Let c = -27 + w. Calculate the highest common factor of c and i.
24
Let p = 13 + -13. Suppose 8 + 15 = q - 4*k, p = -q - 2*k + 11. What is the greatest common divisor of 105 and q?
15
Let d be 8/(1/((-5)/(-2))). Calculate the greatest common divisor of d and 220.
20
Suppose -5*d + 13 = -12. Suppose d*v - 313 = -83. What is the greatest common divisor of v and 69?
23
Suppose 8*o = 40 + 16. Let z(s) = 63*s**2 - s - 1. Let m be z(-1). What is the greatest common divisor of m and o?
7
Let o(l) = l**3 + 18*l**2 - 25*l - 27. Let a be o(-19). Calculate the greatest common divisor of 29 and a.
29
Suppose 0 = -u + 6*u. Let q be (2 - -2)*7 - u. Suppose -2*a = 3*l - 18 - 26, -2*a + 5*l = -q. What is the highest common divisor of a and 152?
19
Suppose 9*q + 296 = 2411. What is the highest common factor of q and 94?
47
Let o(y) = y**3 + 8*y**2 + 9*y - 7. Let j be o(-6). What is the highest common factor of 99 and j?
11
Let q = 60 + 48. Calculate the greatest common divisor of q and 12.
12
Let v be (-21)/(-6) - (-2)/4. Let y = v + 0. Suppose -3*l - 4*d + 28 = 0, -5*l + 35 = -6*d + d. Calculate the greatest common divisor of y and l.
4
Let c = 3 + 9. Let f be c/(-54) - 47/(-9). Suppose 3*b - 6 = -0*b. What is the greatest common factor of f and b?
1
Let c be 12/10*1*15. Let t(u) = -u**2 - 4*u + 8. Let x be t(-5). Calculate the greatest common factor of c and x.
3
Let q = 6 - 1. What is the greatest common divisor of q and 5?
5
Suppose -3*g = 4*f - 38, -4*f + 32 = -g + 3*g. Let a be (12/g)/((-2)/(-3)). What is the greatest common divisor of 12 and a?
3
Let p be (-2116)/(-69) + (-4)/(-3) + 0. Calculate the highest common divisor of p and 4.
4
Suppose 2*f - 190 = -28. What is the greatest common factor of f and 9?
9
Let b be (-2 - -5)*(-1)/3. Let w be 1/((-4)/3 - b). Let m = 5 - w. What is the greatest common factor of 56 and m?
8
Let r = -36 + 38. Suppose -q + 4 = -b - 3, 0 = -5*q + 2*b + 29. What is the highest common divisor of r and q?
1
Suppose 0*p - 120 = -5*p + 5*d, d = 2*p - 46. What is the highest common factor of 176 and p?
22
Suppose -3*x = -5*c + 188, -2*c + 50 + 26 = -x. What is the greatest common factor of c and 8?
8
Suppose 3*g - 51 = 3*y, 3 + 12 = -3*y. What is the greatest common factor of g and 18?
6
Suppose -60 = -3*v - r + 5*r, 3*v + r = 45. What is the greatest common factor of v and 64?
16
Suppose 0*g = -5*q + 3*g + 183, -3*q + 113 = -5*g. What is the highest common factor of 4 and q?
4
Let g be 4/(-10) + 576/40. Calculate the highest common divisor of g and 7.
7
Suppose -3*l = -5*m - 175, 4*m - 2*m = 4*l - 238. Calculate the highest common divisor of l and 12.
12
Let j be (-3)/(0 - 3/69). Suppose 3*h = -3*s + j, -2*s + 28 = -4*h - 0*h. Calculate the greatest common divisor of s and 160.
20
Let c(v) = 3*v**2 - 7*v - 5. Let g be c(-2). Let y = -4 + 7. What is the greatest common factor of g and y?
3
Suppose 8*x + 6 = 10*x. Let t = 36 - 21. Calculate the greatest common divisor of x and t.
3
Suppose -j + 10 = 5*r + 2, -2*r = 5*j + 6. Suppose 10 = 5*t - r*i, -5*i = 5*t - 3 - 7. Calculate the highest common divisor of t and 5.
1
Suppose -2*t + 0*l + 3*l = -26, 0 = 2*t - 4*l - 24. Calculate the highest common divisor of t and 128.
16
Suppose 34*a - 112 = 30*a. Calculate the greatest common divisor of 7 and a.
7
Suppose 0 = 3*r - 88 - 164. Let m be -3 + 4 - ((-2)/1 + -9). What is the highest common divisor of r and m?
12
Let f(c) = -5*c + 4. Let t be f(-4). Let i = t - 17. Let b = 91 + -42. What is the highest common divisor of b and i?
7
Suppose r = -3*j - 3*r + 235, -5*r = -4*j + 334. What is the greatest common factor of 9 and j?
9
Let t = -10 + 72. Calculate the highest common divisor of t and 93.
31
Let r(p) = 5*p**2 + 2*p + 1. Let o be r(-1). Suppose -5*v + 117 = o*h + 41, -2*v = 8. What is the highest common factor of 16 and h?
8
Let w(n) be the second derivative of 11*n**5/4 - n**4/12 - n**3/6 + n**2/2 + n. Let y be w(1). Let m = -6 - -15. What is the greatest common divisor of m and y?
9
Let z be (2 + 1 + -1)*-4. Let w be (6/(-2) - z)/1. What is the highest common divisor of 15 and w?
5
Let z(g) = 3*g**2 + g + 1. Let v be z(2). Let q = 5 + v. Calculate the greatest common divisor of q and 8.
4
Let f be 1/((-1)/(-9)) + -3. Let p(n) = 4*n**2 + 4*n + 8. Let q be p(f). What is the greatest common divisor of 16 and q?
16
Suppose 6*a = 7*a - 25. What is the greatest common factor of a and 10?
5
Let g(d) = -d + 11. Let f be g(9). Suppose f*k = -3*s + 28, -7*k = -3*k - 3*s - 38. What is the greatest common factor of k and 33?
11
Let h = -26 + 74. What is the highest common divisor of 32 and h?
16
Suppose -10*h + 4*h = -60. Let v = -17 - -57. Calculate the highest common factor of v and h.
10
Let p(l) = -l + 8. Let z be p(-16). What is the greatest common divisor of z and 12?
12
Let j(x) = -x**2 - 2*x - 9. Let k be j(-9). Let s = 328 + k. Let i = -128 + s. What is the highest common divisor of 16 and i?
16
Suppose 0 = 4*a - 2*a - 2. Suppose 5*h = 3*z + 67, 5*z - 4*z = a. Calculate the greatest common factor of 154 and h.
14
Let m be (-1)/4 - (-12)/(-16). Let a(f) = -2*f**3 - f. Let r be a(m). Let g(j) = j - 2. Let y be g(5). Calculate the highest common divisor of y and r.
3
Let m be 23 + -17 + (-1)/(-1)*0. Calcul